*2 + 2*q - 17. Let p be 160/140 - (-86)/(-14). What is a(p)?
-2
Let b(y) = -2*y**2 + 6 + 0*y**3 - 46*y + 64*y + 8*y**2 + 2*y**3 - 12*y. Calculate b(-4).
-50
Let j(w) = 3 + 55*w - 27*w - 27*w. Let u(p) = p**2 - 6*p + 1. Let g be u(5). Let r be 14/g + 1/(-2). Give j(r).
-1
Let q(h) be the first derivative of -2*h**2 + 16*h + 42. What is q(5)?
-4
Let f(d) = -d**3 + 4*d**2 + 5*d - 5. Let r(y) = -3*y + 2. Let u(p) = 0 - 3 - p + 5*p. Let t(l) = -3*r(l) - 2*u(l). Let a be t(5). What is f(a)?
-5
Let r(l) be the first derivative of -3/2*l**2 - 5/3*l**3 - 25 + l + 1/4*l**4. Determine r(6).
19
Let z(p) be the second derivative of p**4/6 - 4*p**3/3 + 3*p**2/2 - 45*p. Let v be (6/(-4))/((-24)/80). Determine z(v).
13
Let o be (-14)/(-36)*(-96)/(-448). Let i(p) be the third derivative of 4*p**2 + 0 + o*p**4 + 2/3*p**3 + 0*p. Calculate i(-5).
-6
Let q(u) = u**3 - 5*u**2 - 10*u + 13. Let h be ((-18)/(-10))/((-51)/(-170)). Give q(h).
-11
Let f(d) = d**3 - 8*d**2 + 7*d + 3. Let y(h) = 9*h - 48. Let o be y(6). Determine f(o).
-27
Let c(r) be the third derivative of -8*r**2 + 1/6*r**3 + 1/12*r**4 + 0*r + 0. Determine c(5).
11
Let d(y) = y**3 - 6*y**2 + 2*y + 5. Let b = -29 - -35. Let o be (-7)/(42/(-4))*b. Calculate d(o).
-19
Let a be (3 - (-4 + -93)) + -1. Let o = 98 - a. Let j(r) = -11*r**2. What is j(o)?
-11
Let m(p) = p**2 + p - 3. Let g(b) = b**2 - 13*b + 16. Let t be g(12). Suppose t*c = -5*v + 26, -2*v = -v - c + 2. Suppose v*j - 16 = 6*j. Determine m(j).
9
Let i(m) be the second derivative of -m**2 - 12*m - 1/3*m**3 + 0 - 1/6*m**4. What is i(-2)?
-6
Let q(g) = g**3 - 16*g**2 - 16*g - 15. Let v be (47 + -45)*34/4. Calculate q(v).
2
Let r(y) be the second derivative of -1/3*y**4 + 1/20*y**5 - 3/2*y**2 - 1/6*y**3 + 15*y + 0. Let f = 7 - 3. What is r(f)?
-7
Let h be ((-2)/3)/((-8)/12). Let s = h + 4. Let k(b) = b**3 - 4*b**2 - 4*b - 4. Give k(s).
1
Let h be ((-3)/2)/(-18 + 210/12). Let t(k) = -k**2 + k + 2. What is t(h)?
-4
Let d(q) = 5*q**2 - 2*q + 4. Let g(l) = -4*l**2 + l - 3. Let c(u) = 5*d(u) + 6*g(u). Give c(4).
2
Let a(p) be the third derivative of -p**4/24 - 2*p**3/3 + p**2 - 4. What is a(-9)?
5
Let g(d) = -d**3 - d + 8. Let p(r) = r**3 + 21*r**2 - 133*r - 78. Let b be p(-26). Give g(b).
8
Let x(y) = -18*y**2. Let h(w) = w**2 - 22*w + 58. Suppose 3*r - 6*r = -57. Let t be h(r). Give x(t).
-18
Let w = -7 + 12. Let m(n) = -n + w*n - 3*n - 10. What is m(5)?
-5
Let y(a) be the first derivative of a**6/360 + 3*a**5/40 - a**4/4 + 2*a**3/3 - 2. Let b(d) be the third derivative of y(d). Give b(-9).
-6
Suppose -2*f - d + 5 = 0, d + 11 = -f + 3*f. Let r(p) = -p**3 + 5*p**2 - 5*p + 1. Let v be r(f). Let i(u) = -u**2 - 3*u - 3. What is i(v)?
-3
Let s(k) be the second derivative of k**8/6720 - k**7/1260 - k**6/180 - k**5/120 - 7*k**4/3 - 10*k. Let z(i) be the third derivative of s(i). Calculate z(3).
-4
Let y(h) = -7*h - 67. Let o be y(-9). Let i(k) = k**3 + 6*k**2 + 3*k + 1. What is i(o)?
21
Let q(h) = 9*h + 1. Let a(k) = 5*k. Let c(v) = 2*v**2 + 27*v + 4. Let z(b) = 4*a(b) - c(b). Let j = -3 - 0. Let o be z(j). Determine q(o).
-8
Suppose -13 = -5*w - 2*a, -w + 18 = w + 4*a. Let u = 665 - 637. Let p be w/4 - (-21)/u. Let c(m) = 2*m**3 - m**2. Give c(p).
1
Suppose 0*j + 2*d - 8 = 4*j, j = 4*d + 5. Let f = 3 + j. Suppose 16 + f = 4*l. Let v(a) = 2*a - 5. Determine v(l).
3
Let i(c) = -3*c - 8. Suppose -5*l = p + 468, -9*p - 8 = -13*p. Let o = -101 - l. What is i(o)?
13
Let m(f) be the first derivative of f**4/4 - 2*f**3 - 15*f**2/2 - 15*f - 17. Let u be m(8). Let k(x) = -x**3 - 6*x**2 + 5*x - 7. What is k(u)?
7
Suppose 4*p + 4 + 6 = -u, -12 = 3*u + 3*p. Let w(f) = f + 6 + 5*f - 3*f. Let k(s) = -1. Let l(n) = -3*k(n) - w(n). Calculate l(u).
3
Let a be (-4)/(-3) + 434/21. Let t = a + -20. Let v(m) = 2*m - 6 + 4 + 3*m**2 - t*m**2. What is v(-2)?
-2
Let f(k) be the second derivative of -k**5/20 - k**4/4 + k**3/2 + k**2 - 83*k. Calculate f(-4).
6
Let o(v) be the first derivative of 7 + 8*v - 1/2*v**2. What is o(9)?
-1
Let y(f) = 1 - 1316*f - 2*f**2 + 1322*f + 0*f**2 + 3*f**2. Determine y(-3).
-8
Let k(t) = -t - 1. Let l = -19 + 23. Let i(g) = g**2 + 5*g + 2. Let b(p) = l*k(p) + i(p). Calculate b(2).
4
Let c(p) be the third derivative of 0*p + 0 - 3*p**2 - 1/3*p**3 - 1/12*p**4. Give c(-2).
2
Let h be ((0/(-4))/(-4))/(-1). Let a = -4 + h. Let k(v) = -2*v. Give k(a).
8
Let o = -115 + 113. Let w(p) = 14*p**2 + p - 2. Determine w(o).
52
Suppose -5*v - 4*s - 57 = 42 - 129, 0 = s. Let b(x) = 0 + 1 + 2 + x**2 - 5*x. Give b(v).
9
Suppose -12*c = -14*c - 3*y + 20, -4*c + 34 = 3*y. Let h(w) = w - 9. Give h(c).
-2
Let a(h) = -3*h**3 + 2*h**2 - 7*h + 8. Let r(z) = -z**3 + z**2 - 3*z + 4. Let g(c) = 2*a(c) - 5*r(c). What is g(0)?
-4
Let r = 86 - -363. Let l = r + -301. Let a(c) = -l*c**3 - 3*c**2 + 150*c**3 + 0*c**2. Determine a(2).
4
Let l(w) = -411*w**2 + 0*w - w + 211*w**2 - 14 + 211*w**2 - 4*w**3 + 5*w**3. Determine l(-11).
-3
Suppose 6*p + 16 = 10. Suppose 0 = 3*t - 0 - 9. Let b(u) = 15*u**2 - u + 3. Let j(r) = 15*r**2 - r + 4. Let c(g) = t*j(g) - 4*b(g). What is c(p)?
-16
Let h = 89 + -41. Let d = -28 + h. Let i = -17 + d. Let g(w) = w**3 - 5*w**2 + 3*w. Calculate g(i).
-9
Let f(j) = -10*j - 7. Let l(v) = 29*v + 20. Let u(c) = 17*f(c) + 6*l(c). What is u(-6)?
-23
Suppose -4 = -5*p + 1, 4 = m + 3*p. Let u be (0/(-20))/(2 - m). Let x(k) = -k - 12. Determine x(u).
-12
Let j(k) = -180*k - 23. Let r(m) = 63*m + 8. Let z(q) = 6*j(q) + 17*r(q). Give z(1).
-11
Let l(j) = 2*j**3 + j**2 - 2*j + 1. Let q(v) = 6*v - 1. Let g be (2 - 1)/(-2 + 3). Let i be q(g). Suppose 4*r - y + 4*y - 7 = 0, r = -i*y + 6. Determine l(r).
2
Let i be 25/4 + (3 - 9). Let y(u) be the first derivative of -1/3*u**3 + u + 0*u**2 - 5 + i*u**4. Calculate y(-1).
-1
Let y(n) be the second derivative of -n**3/6 + n**2/2 - 16*n. Suppose 3*l + 6 + 3 = 0. Let k = 1 - l. What is y(k)?
-3
Let o(k) = 2*k - 2. Let c be o(4). Let l = c + -1. Let b(w) = -6*w + 1. Let t(z) = -z + 1. Let j(g) = -b(g) + 5*t(g). Calculate j(l).
9
Let x(f) = 5 - 6*f + 3*f + 8*f. Calculate x(7).
40
Let b = 808 + -809. Let k(z) = -z**2 + 2*z + 2. Determine k(b).
-1
Let a(r) = r**3 + r**2 - 7*r - 1. Suppose -282 = 2*g - 272. Give a(g).
-66
Let r(o) = -o**3 - 7*o**2 - 3*o + 1. Suppose -6 = -3*f, -5*m - 2*f = -2*m - 94. Suppose -3*g - m = 2*g. Calculate r(g).
-17
Let d(y) be the second derivative of -y**3/3 - 53*y**2/2 - 995*y. What is d(0)?
-53
Let j(u) = 2*u**3 - 10*u**2 - 7*u + 37. Let f be j(5). Let b(o) = o**2 + 2*o - 9. Determine b(f).
-1
Let n(y) be the second derivative of y**4/12 + y**2 - 240*y + 1. Let a(q) = q**2 - 2. Let p be a(2). Determine n(p).
6
Suppose -79*c + 66 = -90*c. Let h(w) = -w**2 - 2*w + 21. Determine h(c).
-3
Let a(k) = -k**3 + 4*k**2 - k - 2. Let c(y) = 9*y - 6. Let t be c(3). Suppose 6*m + 3 = t. What is a(m)?
4
Let a(q) = 8*q + 10*q - 14*q + q - 1. Suppose 5*h - 25 = -f, -3*h = 2*h - 4*f. Let v be (-8)/6 - h/6. Calculate a(v).
-11
Let w be -6 + 10 + (-2 - -4). Let p(o) = -o**3 + 7*o**2 - 6*o + 2. Let a be p(w). Let y be 0/a*(-6)/(-18). Let u(v) = v - 14. Give u(y).
-14
Let u be (2/5)/((-1)/(-15)). Let m be (-6)/2 + u + -2. Let b(v) = -v**2 - 2*v + 1. Determine b(m).
-2
Let o(n) = -n**2 - 6*n - 5. Let w be ((-12)/28)/((-3)/(-21)). What is o(w)?
4
Let q = 280 + -277. Let g(c) = -3*c**3 + 6*c**2 - 8*c + 4. What is g(q)?
-47
Suppose 19*n - 4 = 17*n. Let h(q) = -5*q - 24*q**2 + 10*q**2 + 13*q**n. Determine h(-5).
0
Let j(f) = f - 3. Let n be j(5). Let a be (0/n)/((0 + -12)/3). Let p(q) = q**3 - 4. Give p(a).
-4
Let h(n) = -29*n**2 + 5*n - 2. Let i(c) = -25*c**2 + 5*c - 3. Let u(g) = -6*h(g) + 7*i(g). What is u(6)?
-15
Let k = -168 + 20. Let p = k + 149. Let y(z) = z**2 - 2*z + 1. What is y(p)?
0
Suppose -4*m + 35 = -5*r, 0 = 3*r + 6*m - 5*m + 21. Let v(u) = u**3 + 6*u**2 - 7*u + 2. What is v(r)?
2
Let o(a) = 2*a - 2. Let n(f) = -13. Let g(l) = -n(l) + 5*o(l). Let v = -1 + -2. Calculate g(v).
-27
Let w(a) = 1. Let k = 15 + -19. Let z(i) = -i - 8. Let v(o) = k*w(o) - z(o). What is v(5)?
9
Let u = -24 - -38. Suppose 3*x - 5*i + u = -x, x + i - 1 = 0. Let s(c) = -c - 6*c**2 + 0*c + 0*c - 1. Calculate s(x).
-6
Let a(z) = 3 + 3 - 3*z - z**2 - z. Let l = -90 - -84. Give a(l).
-6
Let w = 497 - 500. Let m(c) = c**3 + 2*c**2 + 2*c + 1. 